 6. List the prime factors of w/(9/(-15) + n).
5, 7
Let d = 87 + -66. What are the prime factors of (-9)/d*1 - (-4272)/21?
7, 29
Let v(m) = -1510*m - 24. List the prime factors of v(-1).
2, 743
Let b(d) = -10*d - 10. Let n(u) = -u - 2. Let q be n(-5). Let x be 57/(-15) - q/15. What are the prime factors of b(x)?
2, 3, 5
Let n = -445 - -1134. List the prime factors of n.
13, 53
Let a(n) = 267*n + 4. List the prime factors of a(2).
2, 269
Let y(f) = f**3 + 12*f**2 - 4*f + 6. Let b be y(-13). Let i be 1*(b - 9/3). Let d = -66 - i. What are the prime factors of d?
2, 3
Suppose 2*i - 392 = -2*i. Suppose -t + 0*t = -i. List the prime factors of t.
2, 7
Let u = -65 - -68. Suppose -2*w + 158 + 103 = -3*a, -u*w + 420 = 5*a. List the prime factors of w.
3, 5
What are the prime factors of ((-9)/12)/(6 + (-20260)/3376)?
3, 211
Let f be (0/1 + 19)*1. Let r = 382 + -382. Suppose r = -q + f + 4. What are the prime factors of q?
23
Let s = 8661 + -4523. What are the prime factors of s?
2, 2069
Let o(k) = -14*k - 232. What are the prime factors of o(-42)?
2, 89
Suppose 0 = -3*o + 16*o - 39. Suppose -4*h - 45 = -5*y, -3*y - 2 + 26 = -o*h. List the prime factors of y.
13
Let k(p) = -p**2 - 2*p + 45. Let t be k(-7). What are the prime factors of (35/t + -2)*62?
3, 31
Let w(x) = -x**3 + 2*x**2 + 21*x + 25. List the prime factors of w(-9).
727
Let f = -633 + 5090. List the prime factors of f.
4457
Let x(n) = -350*n + 2. List the prime factors of x(-3).
2, 263
Let s be 4*(1 - -3)/4. Suppose -1 = s*g + 19. What are the prime factors of g/((-15)/9) - -9?
2, 3
Let z be -5 + (2*-126 - -2). Let x = z + 493. What are the prime factors of x?
2, 7, 17
Let t = 10 - 8. Suppose -t*n = 0, -4*n + n + 25 = 5*r. Suppose 330 = r*m - 5*u, 4*m = 2*m - 5*u + 125. List the prime factors of m.
5, 13
Let m = -10 - -14. Let g be (-2)/m + (-10)/(-4). Suppose -4*a = -g*p - 2*p + 44, -3*a - 57 = -5*p. What are the prime factors of p?
2, 3
Let a(c) = 17*c - 348. What are the prime factors of a(38)?
2, 149
Suppose -9*a + 4*a = -4*h + 33, -2*h + 2*a + 18 = 0. Suppose h*s - 5*s - 518 = 0. What are the prime factors of s?
2, 37
Suppose 186 = -2*y + 6658. List the prime factors of y.
2, 809
Let q(p) = -6*p + 2. Let n(b) = b**3 - 6*b**2 - 8*b + 7. Let v be n(7). Suppose v = -m - 4. List the prime factors of q(m).
2, 13
Suppose 9527 + 12481 = 14*o. List the prime factors of o.
2, 3, 131
Let j(q) be the third derivative of -q**4/8 + 13*q**3 + 22*q**2. What are the prime factors of j(0)?
2, 3, 13
Suppose 0 = 15*u + 23349 - 59169. What are the prime factors of u?
2, 3, 199
Suppose -f + 504 - 41 = 0. Suppose w + 5*o = 133, -o - f = -4*w + w. What are the prime factors of w?
3, 17
Let i(s) = 110*s + 10. Let r be i(4). Let g = r + -231. List the prime factors of g.
3, 73
Let k(p) = -p**2 + 12*p - 15. Let g(t) = -2*t**3 + 17*t**2 - 6*t - 11. Let b be g(8). List the prime factors of k(b).
2, 5
Let c = 6 - 28. Let t = 136 + c. Suppose 0 = -5*w - 3*b + 101, 4*w + 32 - t = -3*b. List the prime factors of w.
19
What are the prime factors of (536/(-28))/((-32)/1568)?
2, 7, 67
Suppose 0 = -n - 5*n + 30. Suppose -4*b - 26 = n*a - 2*b, 2*a + 23 = -5*b. What are the prime factors of 26/13*(-26)/a?
13
Let i(d) = -d**3 + 14*d**2 - 10*d - 8. Let q = 4 - -1. Suppose -q*y + 28 + 37 = 0. List the prime factors of i(y).
31
Let a(q) = 1 + 22*q**2 - 7*q + q**3 - 12*q**2 - 9. What are the prime factors of a(-10)?
2, 31
Let r(b) = 2*b + 7. Suppose -m = -2*m - 2*g + 12, m + g - 9 = 0. What are the prime factors of r(m)?
19
Let q = 115 + 17. What are the prime factors of ((-10)/(-6) - 1)*q?
2, 11
Let n be (-8 - -1)*(-18)/7. Let l = n - 20. What are the prime factors of 1*(23 + 2 + l)?
23
Let f(g) = 18*g - 1. Let i be f(6). Suppose 3*s - i = -26. What are the prime factors of s?
3
Let h(y) = -5*y - 10. Let x be h(-23). Let v = 8 + x. What are the prime factors of v?
113
Suppose -2*r + 288 + 414 = 0. What are the prime factors of r?
3, 13
Let w be 134/6 - 4/24*-4. Let z = 61 - w. List the prime factors of z.
2, 19
Let o(h) = 8*h - 9. Let j(m) be the third derivative of -m**4/8 + m**3/2 - 3*m**2. Let l(i) = -17*j(i) - 6*o(i). What are the prime factors of l(8)?
3
Suppose 36 = 5*k + 7*k. What are the prime factors of 217/(4*k/12)?
7, 31
What are the prime factors of (-628992)/(-480) - ((-2)/(-5))/1?
2, 5, 131
Let y be (-8)/(-12) + (-26)/(-6). Suppose 10*i - 5 = y*f + 5*i, -5*f - 2*i = -16. Let r = 2 + f. What are the prime factors of r?
2
Let h(r) = -6*r + 28. Let a(t) = 2*t - 9. Let s(d) = 11*a(d) + 4*h(d). List the prime factors of s(-6).
5
Let a(o) = o - 5*o**2 + 3*o + 0*o - 2 + 36*o**2. What are the prime factors of a(-2)?
2, 3, 19
Let b be (1/(-2))/((-3)/258). Let n = b + 13. What are the prime factors of n?
2, 7
Let s be 8/(-36) + 260/36. Let l(c) = -c**3 + 6*c**2 + 11*c - 13. What are the prime factors of l(s)?
3, 5
Let h(n) = -n**3 + 7*n**2 + 7*n + 10. Let z be h(8). Let v be 40/2*z/4. Suppose 4*y + 5 - 21 = 0, a - 5*y + v = 0. List the prime factors of a.
2, 5
Let m be 18/4 - 13/26. Suppose m*k - 818 = -3*n, 3*n - k - 268 = 2*n. List the prime factors of n.
2, 3, 5
Let h = -38 - -7. Let d = h + 36. Suppose -4*w + 78 = -2*c + c, 0 = d*w - 5*c - 105. What are the prime factors of w?
19
Let b = -41 - -44. Suppose 96 = -2*j + b*j. What are the prime factors of j?
2, 3
Let f(p) = -155*p + 8. List the prime factors of f(-2).
2, 3, 53
Let k(z) = -7*z**3 - 2*z**2 + 1. Let m be k(-1). What are the prime factors of 3 + 3*76/m?
41
Suppose i = 3*u - 0*i + 8, -3*u = 5*i - 22. What are the prime factors of -3 + 8 + u + 44?
2, 3
Let d(a) = 3*a**3 - a**2 - 7*a - 1. Let k be (-256)/(-44) - (-4)/22. Suppose n = 9 - k. What are the prime factors of d(n)?
2, 5
Suppose -4*n + 9*n = 5*d + 24480, 2*n - 9786 = 4*d. What are the prime factors of n?
3, 23, 71
Let b = -501 + 1113. What are the prime factors of b?
2, 3, 17
Suppose z = -q - 13, 2*z = -q + 2*q - 26. Let i(r) be the first derivative of r**4/4 + 4*r**3 - 7*r**2 - 11*r + 4. List the prime factors of i(z).
2
Let j(s) = -s**3 + 4*s**2 - 2*s + 2. Let z be j(2). Let h = z + 1. Suppose -3*p - 32 = -h*p. What are the prime factors of p?
2
What are the prime factors of 6/(6 - (-36280)/(-6050))?
3, 5, 11
What are the prime factors of (9 - 29)/(3/(-267))?
2, 5, 89
Let z(a) = a**3 + 25*a**2 + 3*a + 38. List the prime factors of z(-23).
13, 79
Let q = -2 - -3. Suppose 3*h + 2*s = 71, -s + 4 - 49 = -2*h. Let a = h + q. What are the prime factors of a?
2, 3
Let a be 5882/14 - (-3)/(-21). Suppose 7*c - a = -0*c. List the prime factors of c.
2, 3, 5
Let z(r) be the first derivative of 29*r**3 + 2*r**2 + r + 2. List the prime factors of z(-1).
2, 3, 7
Let m be 389/2 + 3/2. Suppose -2*p + 70 = -m. List the prime factors of p.
7, 19
Suppose 1060 - 3598 = -3*b. Suppose 0 = 7*m - 2*m + 4*f - b, f = 3*m - 511. What are the prime factors of m?
2, 5, 17
Let g = 12 - 10. Let u = 71 + -50. Suppose -g*o = -77 + u. List the prime factors of o.
2, 7
Let n = 423 + -183. List the prime factors of n.
2, 3, 5
Suppose -583 = -2*b + 153. Let k = -208 + b. List the prime factors of k.
2, 5
Suppose -i + 676 = 3*z, -453 = -2*z + 15*i - 18*i. List the prime factors of z.
3, 5
Suppose -3*d - 2*b = -4948, -8250 = -5*d - 5*b + b. What are the prime factors of d?
2, 823
Let p be (0 + 0)/(-1) + -3. Let z(q) = -5*q + 151. Let s be z(30). What are the prime factors of (p + s)*82/(-4)?
41
Let u be 2 - (-4 + 0 - 3). Let n(f) = f + 21. What are the prime factors of n(u)?
2, 3, 5
Let c(b) = b**2 + 6*b - 1. Let q be c(-5). Let d = q + 3. What are the prime factors of (-23)/1*d/3?
23
Let g = -8 - -5. Let i be g/(-4) + 58/8. Let k = 34 - i. What are the prime factors of k?
2, 13
Let o be (0/(-3) - 13)*-1. Suppose -3*h + o = -20. What are the prime factors of h?
11
Suppose 122 = 3*t + 5*h, 3*t - t = -2*h + 84. Let b(p) = -21 + t + p**2 - 4*p - 18. List the prime factors of b(5).
2, 5
Let h = 536 + -299. List the prime factors of h.
3, 79
Let y(i) = -4*i + 2. Let t be y(-4). Let s be ((-2)/4)/(1/10). Let f = s + t. List the prime factors of f.
13
Let o(k) = 8*k - 6. Let l be o(3). List the prime factors of (-320)/(-3) + (-12)/l.
2, 53
Let x be (-12)/(-18)*2/4*51. Suppose -p = x - 34. List the prime factors of p.
17
Suppose 27 - 2 = 5*v. 